{"id":1882,"date":"2016-01-01T23:15:15","date_gmt":"2016-01-01T23:15:15","guid":{"rendered":"https:\/\/logix5.com\/roboticaeducativa\/?page_id=1882"},"modified":"2016-01-01T23:15:15","modified_gmt":"2016-01-01T23:15:15","slug":"escuela-de-robotica-lx5","status":"publish","type":"page","link":"https:\/\/www.logix5.com\/roboticaeducativa\/escuela-de-robotica-lx5\/","title":{"rendered":"Escuela de Rob\u00f3tica LX5"},"content":{"rendered":"<p><span class=\"hide\" style=\"color: #05ac63;\">[dropcaps color=\u00bbcolor\u00bb]<\/span><\/p>\n<p>L<\/p>\n<p><span class=\"hide\" style=\"color: #05ac63;\">[\/dropcaps]<\/span><\/p>\n<p><span style=\"font-weight: 400;\">a Escuela de Rob\u00f3tica LX5 es un sue\u00f1o compartido por el equipo de personas que formamos Logix5. El sue\u00f1o de un espacio donde poder dar rienda suelta a todas las ideas que nos han ideo surgiendo durante estos a\u00f1os en los que nos hemos dedicado con intensidad a llevar la rob\u00f3tica, programaci\u00f3n y tecnolog\u00eda a los m\u00e1s j\u00f3venes. <\/span><\/p>\n<p><span class=\"hide\" style=\"color: #05ac63;\">[one_third]<\/span><\/p>\n<p><a href=\"https:\/\/logix5.com\/roboticaeducativa\/wp-content\/uploads\/2016\/01\/robot-sue\u00f1a.png\" rel=\"attachment wp-att-1887\"><img fetchpriority=\"high\" decoding=\"async\" class=\"aligncenter wp-image-1887 size-medium\" src=\"https:\/\/logix5.com\/roboticaeducativa\/wp-content\/uploads\/2016\/01\/robot-sue\u00f1a-240x300.png\" alt=\"robot-sue\u00f1a\" width=\"240\" height=\"300\" srcset=\"https:\/\/www.logix5.com\/roboticaeducativa\/wp-content\/uploads\/2016\/01\/robot-sue\u00f1a-240x300.png 240w, https:\/\/www.logix5.com\/roboticaeducativa\/wp-content\/uploads\/2016\/01\/robot-sue\u00f1a-600x748.png 600w, https:\/\/www.logix5.com\/roboticaeducativa\/wp-content\/uploads\/2016\/01\/robot-sue\u00f1a-768x958.png 768w, https:\/\/www.logix5.com\/roboticaeducativa\/wp-content\/uploads\/2016\/01\/robot-sue\u00f1a-821x1024.png 821w, https:\/\/www.logix5.com\/roboticaeducativa\/wp-content\/uploads\/2016\/01\/robot-sue\u00f1a.png 893w\" sizes=\"(max-width: 240px) 100vw, 240px\" \/><\/a><\/p>\n<p><span class=\"hide\" style=\"color: #05ac63;\">[\/one_third]<\/span><\/p>\n<p><span class=\"hide\" style=\"color: #05ac63;\">[two_thirds last_column=\u00bbtrue\u00bb]<\/span><\/p>\n<p><span class=\"hide\">[list style=\u00bbcircle\u00bb color=\u00bbtrue\u00bb]<\/span><\/p>\n<ul>\n<li>Un espacio siempre en construcci\u00f3n, con materiales diversos para poder probar, experimentar, ensayar ideas nuevas, sin miedo al error, compartiendo tiempo con otras personas con inquietudes similares, acompa\u00f1ados de profesores apasionados de la rob\u00f3tica que respetan los tiempos de aprendizaje de cada persona.<\/li>\n<li>Una escuela donde el juego tiene un papel fundamental, donde nos podemos tirar al suelo, sin complejos, para echarnos unas risas con los robots.<\/li>\n<li>Un lugar acogedor, donde todo el mundo es bienvenido, donde los padres y madres puedan estar y participar, donde los ni\u00f1os y ni\u00f1as que nunca se han acercado a la rob\u00f3tica puedan hacerlo sin miedo a fallar, donde haya opciones tambi\u00e9n para los adultos.<\/li>\n<li>Un entorno creativo, donde la investigaci\u00f3n en nuevos materiales, ideas, tecnolog\u00edas, metodolog\u00edas\u2026 est\u00e9 siempre presente, donde nuestro equipo pueda reunirse para aprovechar las sinergias de todos y podemos probar ideas locas o cuerdas.<\/li>\n<li>Una escuela donde podamos reunirnos a hablar de robots, a pensar en los robots que queremos, a hablar de robo\u00e9tica, a hacer tertulias sobre literatura de robots \u2026<\/li>\n<\/ul>\n<p><span class=\"hide\">[\/list]<\/span><\/p>\n<p><span class=\"hide\" style=\"color: #05ac63;\">[\/two_thirds]<\/span><\/p>\n<p>Este es nuestro sue\u00f1o, que comenzamos con ilusi\u00f3n a raudales en el 2016, un sue\u00f1o que siempre estar\u00e1 en construcci\u00f3n, porque seguro que no se nos van a agotar las ideas. Queremos invitaros a todos a participar de este sue\u00f1o compartido: nuestra escuela de rob\u00f3tica que queremos que sea tambi\u00e9n vuestra.<\/p>\n","protected":false},"excerpt":{"rendered":"<p>[dropcaps color=\u00bbcolor\u00bb] L [\/dropcaps] a Escuela de Rob\u00f3tica LX5 es un sue\u00f1o compartido por el equipo de personas que formamos Logix5. El sue\u00f1o de un espacio donde poder dar rienda suelta a todas las ideas que nos han ideo surgiendo durante estos a\u00f1os en los que nos hemos dedicado con intensidad a llevar la rob\u00f3tica, &hellip;<\/p>\n<p class=\"read-more\"> <a class=\"\" href=\"https:\/\/www.logix5.com\/roboticaeducativa\/escuela-de-robotica-lx5\/\"> <span class=\"screen-reader-text\">Escuela de Rob\u00f3tica LX5<\/span> Leer m\u00e1s &raquo;<\/a><\/p>\n","protected":false},"author":1,"featured_media":0,"parent":0,"menu_order":0,"comment_status":"closed","ping_status":"closed","template":"","meta":{"site-sidebar-layout":"default","site-content-layout":"","ast-site-content-layout":"","site-content-style":"default","site-sidebar-style":"default","ast-global-header-display":"","ast-banner-title-visibility":"","ast-main-header-display":"","ast-hfb-above-header-display":"","ast-hfb-below-header-display":"","ast-hfb-mobile-header-display":"","site-post-title":"","ast-breadcrumbs-content":"","ast-featured-img":"","footer-sml-layout":"","theme-transparent-header-meta":"","adv-header-id-meta":"","stick-header-meta":"","header-above-stick-meta":"","header-main-stick-meta":"","header-below-stick-meta":"","astra-migrate-meta-layouts":"default","ast-page-background-enabled":"default","ast-page-background-meta":{"desktop":{"background-color":"var(--ast-global-color-4)","background-image":"","background-repeat":"repeat","background-position":"center center","background-size":"auto","background-attachment":"scroll","background-type":"","background-media":"","overlay-type":"","overlay-color":"","overlay-gradient":""},"tablet":{"background-color":"","background-image":"","background-repeat":"repeat","background-position":"center center","background-size":"auto","background-attachment":"scroll","background-type":"","background-media":"","overlay-type":"","overlay-color":"","overlay-gradient":""},"mobile":{"background-color":"","background-image":"","background-repeat":"repeat","background-position":"center center","background-size":"auto","background-attachment":"scroll","background-type":"","background-media":"","overlay-type":"","overlay-color":"","overlay-gradient":""}},"ast-content-background-meta":{"desktop":{"background-color":"var(--ast-global-color-5)","background-image":"","background-repeat":"repeat","background-position":"center center","background-size":"auto","background-attachment":"scroll","background-type":"","background-media":"","overlay-type":"","overlay-color":"","overlay-gradient":""},"tablet":{"background-color":"var(--ast-global-color-5)","background-image":"","background-repeat":"repeat","background-position":"center center","background-size":"auto","background-attachment":"scroll","background-type":"","background-media":"","overlay-type":"","overlay-color":"","overlay-gradient":""},"mobile":{"background-color":"var(--ast-global-color-5)","background-image":"","background-repeat":"repeat","background-position":"center center","background-size":"auto","background-attachment":"scroll","background-type":"","background-media":"","overlay-type":"","overlay-color":"","overlay-gradient":""}},"footnotes":""},"class_list":["post-1882","page","type-page","status-publish","hentry"],"_links":{"self":[{"href":"https:\/\/www.logix5.com\/roboticaeducativa\/wp-json\/wp\/v2\/pages\/1882","targetHints":{"allow":["GET"]}}],"collection":[{"href":"https:\/\/www.logix5.com\/roboticaeducativa\/wp-json\/wp\/v2\/pages"}],"about":[{"href":"https:\/\/www.logix5.com\/roboticaeducativa\/wp-json\/wp\/v2\/types\/page"}],"author":[{"embeddable":true,"href":"https:\/\/www.logix5.com\/roboticaeducativa\/wp-json\/wp\/v2\/users\/1"}],"replies":[{"embeddable":true,"href":"https:\/\/www.logix5.com\/roboticaeducativa\/wp-json\/wp\/v2\/comments?post=1882"}],"version-history":[{"count":7,"href":"https:\/\/www.logix5.com\/roboticaeducativa\/wp-json\/wp\/v2\/pages\/1882\/revisions"}],"predecessor-version":[{"id":3856,"href":"https:\/\/www.logix5.com\/roboticaeducativa\/wp-json\/wp\/v2\/pages\/1882\/revisions\/3856"}],"wp:attachment":[{"href":"https:\/\/www.logix5.com\/roboticaeducativa\/wp-json\/wp\/v2\/media?parent=1882"}],"curies":[{"name":"wp","href":"https:\/\/api.w.org\/{rel}","templated":true}]}}