{"id":160,"date":"2014-06-10T16:22:46","date_gmt":"2014-06-10T16:22:46","guid":{"rendered":"http:\/\/themes.jozoor.com\/wp\/invention\/demo\/?page_id=160"},"modified":"2020-08-05T11:16:29","modified_gmt":"2020-08-05T11:16:29","slug":"contact-us","status":"publish","type":"page","link":"https:\/\/www.logix5.com\/roboticaeducativa\/contact-us\/","title":{"rendered":"Contacta con nosotros"},"content":{"rendered":"<p><iframe style=\"border: 0;\" src=\"https:\/\/www.google.com\/maps\/embed?pb=!1m18!1m12!1m3!1d3035.5402682205704!2d-3.7202655842725694!3d40.46331117935975!2m3!1f0!2f0!3f0!3m2!1i1024!2i768!4f13.1!3m3!1m2!1s0xd4229ba0016b561%3A0xcaaa4d4ffe8491c4!2sCalle+de+Artajona%2C+17%2C+28039+Madrid!5e0!3m2!1ses!2ses!4v1547207371627\" width=\"1600\" height=\"450\" frameborder=\"0\" allowfullscreen=\"allowfullscreen\"><\/iframe>[one_eleven]<\/p>\n<p><span class=\"hide\" style=\"color: #05ac63;\">[heading_title]<\/span>Escr\u00edbenos: <span class=\"hide\" style=\"color: #05ac63;\">[\/heading_title]<\/span><\/p>\n\n<div class=\"wpcf7 no-js\" id=\"wpcf7-f5-o1\" lang=\"es-ES\" dir=\"ltr\" data-wpcf7-id=\"5\">\n<div class=\"screen-reader-response\"><p role=\"status\" aria-live=\"polite\" aria-atomic=\"true\"><\/p> <ul><\/ul><\/div>\n<form action=\"\/roboticaeducativa\/wp-json\/wp\/v2\/pages\/160#wpcf7-f5-o1\" method=\"post\" class=\"wpcf7-form init\" aria-label=\"Formulario de contacto\" novalidate=\"novalidate\" data-status=\"init\">\n<fieldset class=\"hidden-fields-container\"><input type=\"hidden\" name=\"_wpcf7\" value=\"5\" \/><input type=\"hidden\" name=\"_wpcf7_version\" value=\"6.1.5\" \/><input type=\"hidden\" name=\"_wpcf7_locale\" value=\"es_ES\" \/><input type=\"hidden\" name=\"_wpcf7_unit_tag\" value=\"wpcf7-f5-o1\" \/><input type=\"hidden\" name=\"_wpcf7_container_post\" value=\"0\" \/><input type=\"hidden\" name=\"_wpcf7_posted_data_hash\" value=\"\" \/>\n<\/fieldset>\n<p>Nombre (requerido)\n<\/p>\n<p><span class=\"wpcf7-form-control-wrap\" data-name=\"your-name\"><input size=\"40\" maxlength=\"400\" class=\"wpcf7-form-control wpcf7-text wpcf7-validates-as-required\" aria-required=\"true\" aria-invalid=\"false\" value=\"\" type=\"text\" name=\"your-name\" \/><\/span>\n<\/p>\n<p>Correo electr\u00f3nico (requerido)\n<\/p>\n<p><span class=\"wpcf7-form-control-wrap\" data-name=\"your-email\"><input size=\"40\" maxlength=\"400\" class=\"wpcf7-form-control wpcf7-email wpcf7-validates-as-required wpcf7-text wpcf7-validates-as-email\" aria-required=\"true\" aria-invalid=\"false\" value=\"\" type=\"email\" name=\"your-email\" \/><\/span>\n<\/p>\n<p>Asunto\n<\/p>\n<p><span class=\"wpcf7-form-control-wrap\" data-name=\"your-subject\"><input size=\"40\" maxlength=\"400\" class=\"wpcf7-form-control wpcf7-text\" aria-invalid=\"false\" value=\"\" type=\"text\" name=\"your-subject\" \/><\/span>\n<\/p>\n<p>Mensaje\n<\/p>\n<p><span class=\"wpcf7-form-control-wrap\" data-name=\"your-message\"><textarea cols=\"40\" rows=\"10\" maxlength=\"2000\" class=\"wpcf7-form-control wpcf7-textarea\" aria-invalid=\"false\" name=\"your-message\"><\/textarea><\/span>\n<\/p>\n<p><input class=\"wpcf7-form-control wpcf7-submit has-spinner\" type=\"submit\" value=\"Enviar\" \/>\n<\/p><p style=\"display: none !important;\" class=\"akismet-fields-container\" data-prefix=\"_wpcf7_ak_\"><label>&#916;<textarea name=\"_wpcf7_ak_hp_textarea\" cols=\"45\" rows=\"8\" maxlength=\"100\"><\/textarea><\/label><input type=\"hidden\" id=\"ak_js_1\" name=\"_wpcf7_ak_js\" value=\"146\"\/><script>document.getElementById( \"ak_js_1\" ).setAttribute( \"value\", ( new Date() ).getTime() );<\/script><\/p><div class=\"wpcf7-response-output\" aria-hidden=\"true\"><\/div>\n<\/form>\n<\/div>\n\n<p><span class=\"hide\" style=\"color: #05ac63;\">[\/one_eleven]<\/span><\/p>\n<p><span class=\"hide\" style=\"color: #05ac63;\">[one_five last_column=\u00bbtrue\u00bb]<\/span><\/p>\n<p style=\"text-align: left;\"><span class=\"hide\" style=\"color: #05ac63;\">[heading_title text_center=\u00bbtrue\u00bb]<\/span>Informaci\u00f3n de\u00a0contacto<span class=\"hide\" style=\"color: #05ac63;\">[\/heading_title]<\/span><\/p>\n<p>[icon name=\u00bbicon-building\u00bb size=\u00bb\u00bb]Logix5 Smart Solutions, SL.<\/p>\n<p><span class=\"icon-show\" style=\"color: #05ac63;\">[icon name=\u00bbicon-map-marker\u00bb size=\u00bb\u00bb]C\/ Artajona, 17. 28039 &#8211; Madrid.<\/span><\/p>\n<p><span class=\"icon-show\" style=\"color: #05ac63;\">[icon name=\u00bbicon-phone\u00bb size=\u00bb\u00bb]+34 623.189.431<\/span><\/p>\n<p><span class=\"icon-show\" style=\"color: #05ac63;\">[icon name=\u00bbicon-envelope-alt\u00bb size=\u00bb\u00bb]\u00a0logix5@logix5.com<\/span><\/p>\n<p><span style=\"color: #05ac63;\">[button url=\u00bbhttp:\/\/blog.logix5.com\/\u00bb target=\u00bb_blank\u00bb size=\u00bbsmall\u00bb color=\u00bbblack\u00bb no_text=\u00bbtrue\u00bb][icon name=\u00bbsocial_icon-blogger\u00bb][\/button][button url=\u00bbhttps:\/\/twitter.com\/Logix5_SS\u00bb target=\u00bb_blank\u00bb size=\u00bbsmall\u00bb color=\u00bbblack\u00bb no_text=\u00bbtrue\u00bb][icon name=\u00bbsocial_icon-twitter\u00bb][\/button] [button url=\u00bbhttps:\/\/www.facebook.com\/logix5&#8243; target=\u00bb_blank\u00bb size=\u00bbsmall\u00bb color=\u00bbblack\u00bb no_text=\u00bbtrue\u00bb][icon name=\u00bbsocial_icon-facebook\u00bb] [\/button] [button url=\u00bbhttps:\/\/www.youtube.com\/channel\/UCiLkjdY39p5TWv1B_Tzzi4Q\u00bb target=\u00bb_blank\u00bb size=\u00bbsmall\u00bb color=\u00bbblack\u00bb no_text=\u00bbtrue\u00bb][icon name=\u00bbsocial_icon-youtube\u00bb][\/button][button url=\u00bbhttps:\/\/www.linkedin.com\/company\/logix5-smart-solutions\u00bb target=\u00bb_blank\u00bb size=\u00bbsmall\u00bb color=\u00bbblack\u00bb no_text=\u00bbtrue\u00bb][icon name=\u00bbsocial_icon-linkedin\u00bb][\/button][button url=\u00bbhttps:\/\/www.instagram.com\/logix5_smart_solutions\/\u00bb target=\u00bb_blank\u00bb size=\u00bbsmall\u00bb color=\u00bbblack\u00bb no_text=\u00bbtrue\u00bb][icon name=\u00bbsocial_icon-instagram\u00bb][\/button]<\/span><\/p>\n<p><a href=\"https:\/\/logix5.com\/roboticaeducativa\/wp-content\/uploads\/2014\/06\/Bonus_Shapes_and_Backgrounds-07.png\"><img fetchpriority=\"high\" decoding=\"async\" class=\"aligncenter wp-image-1375 size-medium\" src=\"https:\/\/logix5.com\/roboticaeducativa\/wp-content\/uploads\/2014\/06\/Bonus_Shapes_and_Backgrounds-07-300x300.png\" alt=\"Bonus_Shapes_and_Backgrounds-07\" width=\"300\" height=\"300\" srcset=\"https:\/\/www.logix5.com\/roboticaeducativa\/wp-content\/uploads\/2014\/06\/Bonus_Shapes_and_Backgrounds-07-300x300.png 300w, https:\/\/www.logix5.com\/roboticaeducativa\/wp-content\/uploads\/2014\/06\/Bonus_Shapes_and_Backgrounds-07-451x451.png 451w, https:\/\/www.logix5.com\/roboticaeducativa\/wp-content\/uploads\/2014\/06\/Bonus_Shapes_and_Backgrounds-07-100x100.png 100w, https:\/\/www.logix5.com\/roboticaeducativa\/wp-content\/uploads\/2014\/06\/Bonus_Shapes_and_Backgrounds-07-600x602.png 600w, https:\/\/www.logix5.com\/roboticaeducativa\/wp-content\/uploads\/2014\/06\/Bonus_Shapes_and_Backgrounds-07-150x150.png 150w, https:\/\/www.logix5.com\/roboticaeducativa\/wp-content\/uploads\/2014\/06\/Bonus_Shapes_and_Backgrounds-07-1021x1024.png 1021w, https:\/\/www.logix5.com\/roboticaeducativa\/wp-content\/uploads\/2014\/06\/Bonus_Shapes_and_Backgrounds-07-460x460.png 460w, https:\/\/www.logix5.com\/roboticaeducativa\/wp-content\/uploads\/2014\/06\/Bonus_Shapes_and_Backgrounds-07.png 1200w\" sizes=\"(max-width: 300px) 100vw, 300px\" \/><\/a><\/p>\n<p><span class=\"hide\" style=\"color: #05ac63;\">[\/one_five]<\/span><\/p>\n<p><span class=\"hide\" style=\"color: #05ac63;\">[divider]<\/span><\/p>\n<p><span class=\"hide\" style=\"color: #05ac63;\">[heading_title]<\/span>Lista de distribuci\u00f3n<span class=\"hide\" style=\"color: #05ac63;\">[\/heading_title]<\/span><\/p>\n<p>\u00bfQui\u00e9res recibir nuestro bolet\u00edn de noticias? introduce el email, registrate y luego acepta el email que te ser\u00e1 enviado.<\/p>\n<p>[mc4wp_form id=\u00bb4391&#8243;]<\/p>\n","protected":false},"excerpt":{"rendered":"<p>[one_eleven] [heading_title]Escr\u00edbenos: [\/heading_title] [\/one_eleven] [one_five last_column=\u00bbtrue\u00bb] [heading_title text_center=\u00bbtrue\u00bb]Informaci\u00f3n de\u00a0contacto[\/heading_title] [icon name=\u00bbicon-building\u00bb size=\u00bb\u00bb]Logix5 Smart Solutions, SL. [icon name=\u00bbicon-map-marker\u00bb size=\u00bb\u00bb]C\/ Artajona, 17. 28039 &#8211; Madrid. [icon name=\u00bbicon-phone\u00bb size=\u00bb\u00bb]+34 623.189.431 [icon name=\u00bbicon-envelope-alt\u00bb size=\u00bb\u00bb]\u00a0logix5@logix5.com [button url=\u00bbhttp:\/\/blog.logix5.com\/\u00bb target=\u00bb_blank\u00bb size=\u00bbsmall\u00bb color=\u00bbblack\u00bb no_text=\u00bbtrue\u00bb][icon name=\u00bbsocial_icon-blogger\u00bb][\/button][button url=\u00bbhttps:\/\/twitter.com\/Logix5_SS\u00bb target=\u00bb_blank\u00bb size=\u00bbsmall\u00bb color=\u00bbblack\u00bb no_text=\u00bbtrue\u00bb][icon name=\u00bbsocial_icon-twitter\u00bb][\/button] [button url=\u00bbhttps:\/\/www.facebook.com\/logix5&#8243; target=\u00bb_blank\u00bb size=\u00bbsmall\u00bb color=\u00bbblack\u00bb no_text=\u00bbtrue\u00bb][icon name=\u00bbsocial_icon-facebook\u00bb] [\/button] [button url=\u00bbhttps:\/\/www.youtube.com\/channel\/UCiLkjdY39p5TWv1B_Tzzi4Q\u00bb target=\u00bb_blank\u00bb size=\u00bbsmall\u00bb &hellip;<\/p>\n<p class=\"read-more\"> <a class=\"\" href=\"https:\/\/www.logix5.com\/roboticaeducativa\/contact-us\/\"> <span class=\"screen-reader-text\">Contacta con nosotros<\/span> Leer m\u00e1s &raquo;<\/a><\/p>\n","protected":false},"author":1,"featured_media":0,"parent":0,"menu_order":0,"comment_status":"closed","ping_status":"closed","template":"","meta":{"site-sidebar-layout":"default","site-content-layout":"","ast-site-content-layout":"","site-content-style":"default","site-sidebar-style":"default","ast-global-header-display":"","ast-banner-title-visibility":"","ast-main-header-display":"","ast-hfb-above-header-display":"","ast-hfb-below-header-display":"","ast-hfb-mobile-header-display":"","site-post-title":"","ast-breadcrumbs-content":"","ast-featured-img":"","footer-sml-layout":"","theme-transparent-header-meta":"","adv-header-id-meta":"","stick-header-meta":"","header-above-stick-meta":"","header-main-stick-meta":"","header-below-stick-meta":"","astra-migrate-meta-layouts":"default","ast-page-background-enabled":"default","ast-page-background-meta":{"desktop":{"background-color":"var(--ast-global-color-4)","background-image":"","background-repeat":"repeat","background-position":"center center","background-size":"auto","background-attachment":"scroll","background-type":"","background-media":"","overlay-type":"","overlay-color":"","overlay-gradient":""},"tablet":{"background-color":"","background-image":"","background-repeat":"repeat","background-position":"center center","background-size":"auto","background-attachment":"scroll","background-type":"","background-media":"","overlay-type":"","overlay-color":"","overlay-gradient":""},"mobile":{"background-color":"","background-image":"","background-repeat":"repeat","background-position":"center center","background-size":"auto","background-attachment":"scroll","background-type":"","background-media":"","overlay-type":"","overlay-color":"","overlay-gradient":""}},"ast-content-background-meta":{"desktop":{"background-color":"var(--ast-global-color-5)","background-image":"","background-repeat":"repeat","background-position":"center center","background-size":"auto","background-attachment":"scroll","background-type":"","background-media":"","overlay-type":"","overlay-color":"","overlay-gradient":""},"tablet":{"background-color":"var(--ast-global-color-5)","background-image":"","background-repeat":"repeat","background-position":"center center","background-size":"auto","background-attachment":"scroll","background-type":"","background-media":"","overlay-type":"","overlay-color":"","overlay-gradient":""},"mobile":{"background-color":"var(--ast-global-color-5)","background-image":"","background-repeat":"repeat","background-position":"center center","background-size":"auto","background-attachment":"scroll","background-type":"","background-media":"","overlay-type":"","overlay-color":"","overlay-gradient":""}},"footnotes":""},"class_list":["post-160","page","type-page","status-publish","hentry"],"_links":{"self":[{"href":"https:\/\/www.logix5.com\/roboticaeducativa\/wp-json\/wp\/v2\/pages\/160","targetHints":{"allow":["GET"]}}],"collection":[{"href":"https:\/\/www.logix5.com\/roboticaeducativa\/wp-json\/wp\/v2\/pages"}],"about":[{"href":"https:\/\/www.logix5.com\/roboticaeducativa\/wp-json\/wp\/v2\/types\/page"}],"author":[{"embeddable":true,"href":"https:\/\/www.logix5.com\/roboticaeducativa\/wp-json\/wp\/v2\/users\/1"}],"replies":[{"embeddable":true,"href":"https:\/\/www.logix5.com\/roboticaeducativa\/wp-json\/wp\/v2\/comments?post=160"}],"version-history":[{"count":11,"href":"https:\/\/www.logix5.com\/roboticaeducativa\/wp-json\/wp\/v2\/pages\/160\/revisions"}],"predecessor-version":[{"id":4393,"href":"https:\/\/www.logix5.com\/roboticaeducativa\/wp-json\/wp\/v2\/pages\/160\/revisions\/4393"}],"wp:attachment":[{"href":"https:\/\/www.logix5.com\/roboticaeducativa\/wp-json\/wp\/v2\/media?parent=160"}],"curies":[{"name":"wp","href":"https:\/\/api.w.org\/{rel}","templated":true}]}}